ate the remainder when 671 is divided by 7.
6
What is the remainder when 694 is divided by 87?
85
Calculate the remainder when 974 is divided by 65.
64
What is the remainder when 71 is divided by 3?
2
Calculate the remainder when 337 is divided by 13.
12
Calculate the remainder when 30 is divided by 27.
3
Calculate the remainder when 704 is divided by 118.
114
What is the remainder when 10161 is divided by 121?
118
Calculate the remainder when 215 is divided by 32.
23
What is the remainder when 2528 is divided by 626?
24
What is the remainder when 422 is divided by 68?
14
What is the remainder when 198 is divided by 41?
34
Calculate the remainder when 321 is divided by 146.
29
Calculate the remainder when 6717 is divided by 10.
7
What is the remainder when 1367 is divided by 1363?
4
Calculate the remainder when 3451 is divided by 35.
21
What is the remainder when 2281 is divided by 394?
311
Calculate the remainder when 357 is divided by 13.
6
What is the remainder when 432 is divided by 75?
57
What is the remainder when 2374 is divided by 19?
18
What is the remainder when 1955 is divided by 70?
65
What is the remainder when 7008 is divided by 7?
1
What is the remainder when 3218 is divided by 35?
33
Calculate the remainder when 574 is divided by 32.
30
Calculate the remainder when 356 is divided by 4.
0
Calculate the remainder when 281 is divided by 49.
36
What is the remainder when 622 is divided by 212?
198
What is the remainder when 377 is divided by 10?
7
What is the remainder when 128 is divided by 37?
17
Calculate the remainder when 888 is divided by 319.
250
What is the remainder when 77 is divided by 18?
5
What is the remainder when 37 is divided by 7?
2
Calculate the remainder when 8597 is divided by 2.
1
Calculate the remainder when 447 is divided by 218.
11
Calculate the remainder when 1852 is divided by 371.
368
What is the remainder when 3774 is divided by 56?
22
Calculate the remainder when 296 is divided by 43.
38
Calculate the remainder when 79 is divided by 47.
32
What is the remainder when 175 is divided by 67?
41
Calculate the remainder when 6139 is divided by 74.
71
What is the remainder when 240 is divided by 35?
30
Calculate the remainder when 16232 is divided by 6.
2
Calculate the remainder when 4259 is divided by 6.
5
Calculate the remainder when 477 is divided by 98.
85
Calculate the remainder when 72 is divided by 18.
0
Calculate the remainder when 9844 is divided by 43.
40
Calculate the remainder when 54 is divided by 22.
10
What is the remainder when 278 is divided by 151?
127
What is the remainder when 178 is divided by 37?
30
Calculate the remainder when 1220 is divided by 1215.
5
Calculate the remainder when 30 is divided by 2.
0
Calculate the remainder when 1503 is divided by 103.
61
What is the remainder when 1561 is divided by 227?
199
What is the remainder when 166 is divided by 24?
22
What is the remainder when 246 is divided by 8?
6
What is the remainder when 260 is divided by 129?
2
What is the remainder when 238 is divided by 40?
38
What is the remainder when 5492 is divided by 134?
132
Calculate the remainder when 25993 is divided by 15.
13
Calculate the remainder when 579 is divided by 29.
28
What is the remainder when 113 is divided by 58?
55
Calculate the remainder when 317 is divided by 36.
29
Calculate the remainder when 54 is divided by 35.
19
Calculate the remainder when 1929 is divided by 28.
25
What is the remainder when 4139 is divided by 36?
35
What is the remainder when 2910 is divided by 1454?
2
Calculate the remainder when 53 is divided by 46.
7
Calculate the remainder when 251 is divided by 60.
11
What is the remainder when 66 is divided by 7?
3
Calculate the remainder when 121 is divided by 20.
1
Calculate the remainder when 259 is divided by 26.
25
Calculate the remainder when 539 is divided by 131.
15
What is the remainder when 5307 is divided by 30?
27
Calculate the remainder when 150 is divided by 42.
24
Calculate the remainder when 228 is divided by 111.
6
What is the remainder when 250 is divided by 40?
10
What is the remainder when 273 is divided by 88?
9
Calculate the remainder when 390 is divided by 96.
6
What is the remainder when 777 is divided by 188?
25
Calculate the remainder when 1375 is divided by 26.
23
What is the remainder when 763 is divided by 253?
4
Calculate the remainder when 668 is divided by 183.
119
Calculate the remainder when 2109 is divided by 192.
189
What is the remainder when 753 is divided by 54?
51
What is the remainder when 95 is divided by 48?
47
What is the remainder when 349 is divided by 22?
19
Calculate the remainder when 602 is divided by 98.
14
Calculate the remainder when 83 is divided by 44.
39
What is the remainder when 158 is divided by 23?
20
What is the remainder when 891 is divided by 29?
21
Calculate the remainder when 40 is divided by 16.
8
What is the remainder when 207 is divided by 35?
32
Calculate the remainder when 102 is divided by 14.
4
Calculate the remainder when 1569 is divided by 58.
3
What is the remainder when 1580 is divided by 3?
2
Calculate the remainder when 348 is divided by 8.
4
What is the remainder when 141 is divided by 66?
9
What is the remainder when 271 is divided by 52?
11
What is the remainder when 334 is divided by 42?
40
Calculate the remainder when 156 is divided by 122.
34
Calculate the remainder when 407 is divided by 134.
5
What is the remainder when 118 is divided by 19?
4
Calculate the remainder when 11539 is divided by 29.
26
What is the remainder when 79 is divided by 13?
1
Calculate the remainder when 162 is divided by 17.
9
What is the remainder when 664 is divided by 23?
20
What is the remainder when 4985 is divided by 43?
40
What is the remainder when 97 is divided by 34?
29
What is the remainder when 4155 is divided by 20?
15
Calculate the remainder when 268 is divided by 57.
40
What is the remainder when 99 is divided by 19?
4
Calculate the remainder when 114 is divided by 51.
12
Calculate the remainder when 712 is divided by 416.
296
What is the remainder when 4373 is divided by 9?
8
What is the remainder when 98 is divided by 21?
14
Calculate the remainder when 322 is divided by 35.
7
Calculate the remainder when 3678 is divided by 20.
18
What is the remainder when 438 is divided by 33?
9
What is the remainder when 10484 is divided by 164?
152
What is the remainder when 139 is divided by 18?
13
What is the remainder when 5769 is divided by 1917?
18
What is the remainder when 73 is divided by 2?
1
What is the remainder when 53 is divided by 31?
22
What is the remainder when 15145 is divided by 28?
25
What is the remainder when 750 is divided by 242?
24
What is the remainder when 185 is divided by 90?
5
What is the remainder when 753 is divided by 231?
60
What is the remainder when 58 is divided by 53?
5
What is the remainder when 37 is divided by 15?
7
What is the remainder when 3729 is divided by 1242?
3
Calculate the remainder when 1252 is divided by 315.
307
What is the remainder when 99 is divided by 9?
0
What is the remainder when 77 is divided by 13?
12
What is the remainder when 1022 is divided by 31?
30
Calculate the remainder when 189 is divided by 24.
21
Calculate the remainder when 90 is divided by 7.
6
What is the remainder when 16 is divided by 10?
6
Calculate the remainder when 2 is divided by 1.
0
Calculate the remainder when 4300 is divided by 16.
12
Calculate the remainder when 501 is divided by 124.
5
Calculate the remainder when 45 is divided by 30.
15
What is the remainder when 13220 is divided by 174?
170
What is the remainder when 247 is divided by 84?
79
What is the remainder when 50 is divided by 21?
8
Calculate the remainder when 1757 is divided by 42.
35
What is the remainder when 1633 is divided by 21?
16
What is the remainder when 205 is divided by 24?
13
Calculate the remainder when 5241 is divided by 4.
1
Calculate the remainder when 10997 is divided by 22.
19
Calculate the remainder when 447 is divided by 56.
55
Calculate the remainder when 383 is divided by 43.
39
What is the remainder when 1614 is divided by 147?
144
What is the remainder when 440 is divided by 24?
8
Calculate the remainder when 643 is divided by 92.
91
Calculate the remainder when 115 is d